{"id":265,"date":"2024-05-14T17:27:34","date_gmt":"2024-05-14T17:27:34","guid":{"rendered":"https:\/\/www.rybsvaz-valmez.cz\/?page_id=265"},"modified":"2026-03-26T15:32:06","modified_gmt":"2026-03-26T15:32:06","slug":"usneseni-z-clenske-schuze","status":"publish","type":"page","link":"https:\/\/www.rybsvaz-valmez.cz\/?page_id=265","title":{"rendered":"Usnesen\u00ed z \u010dlensk\u00e9 sch\u016fze"},"content":{"rendered":"\n<p><strong>Usnesen\u00ed z \u010dlensk\u00e9 sch\u016fze MO \u010cRS Vala\u0161sk\u00e9 Mezi\u0159\u00ed\u010d\u00ed konan\u00e9 05.03.2026 v Poli\u010dn\u00e9<\/strong><\/p>\n\n\n\n<p><strong>\u010clensk\u00e1 sch\u016fze schvaluje<\/strong><\/p>\n\n\n\n<ul class=\"wp-block-list\">\n<li>zpr\u00e1vu o \u010dinnosti MO za obdob\u00ed od posledn\u00ed \u010dlensk\u00e9 sch\u016fze<\/li>\n\n\n\n<li>\u00fa\u010detn\u00ed uz\u00e1v\u011brku za rok 2025<\/li>\n\n\n\n<li>rozpo\u010det na rok 2026<\/li>\n\n\n\n<li>zpr\u00e1vu hospod\u00e1\u0159e MO<\/li>\n\n\n\n<li>nav\u00fd\u0161en\u00ed hodinov\u00e9 sazby za odpracovanou brig\u00e1dnickou hodinu ze 120,- K\u010d na \u010d\u00e1stku 160,- K\u010d<\/li>\n<\/ul>\n\n\n\n<p><strong>\u010clensk\u00e1 sch\u016fze bere na v\u011bdom\u00ed<\/strong><\/p>\n\n\n\n<ul class=\"wp-block-list\">\n<li>zpr\u00e1vu dozor\u010d\u00ed komise<\/li>\n\n\n\n<li>zpr\u00e1vu o \u010dinnosti ryb\u00e1\u0159sk\u00e9 str\u00e1\u017ee<\/li>\n\n\n\n<li>zpr\u00e1vu o \u010dinnosti krou\u017eku pro d\u011bti<\/li>\n<\/ul>\n\n\n\n<p><strong>\u010clensk\u00e1 sch\u016fze vol\u00ed<\/strong><\/p>\n\n\n\n<ul class=\"wp-block-list\">\n<li>\u010dleny v\u00fdboru MO \u010cRS ve slo\u017een\u00ed<\/li>\n<\/ul>\n\n\n\n<ol class=\"wp-block-list\">\n<li>ing. Ad\u00e1mkov\u00e1 Kristina, <\/li>\n\n\n\n<li>Barto\u0161 Jan, <\/li>\n\n\n\n<li>Blinka Zden\u011bk, <\/li>\n\n\n\n<li>Dorot\u00edk Tom\u00e1\u0161, <\/li>\n\n\n\n<li>Kasal Libor, <\/li>\n\n\n\n<li>Kosteln\u00fd Jan, <\/li>\n\n\n\n<li>Krutil Tom\u00e1\u0161<\/li>\n<\/ol>\n\n\n\n<ul class=\"wp-block-list\">\n<li>dozor\u010d\u00ed komisi MO ve slo\u017een\u00ed<\/li>\n<\/ul>\n\n\n\n<ol class=\"wp-block-list\">\n<li>Ing. Pavel Poruba, <\/li>\n\n\n\n<li>David Pavli\u0161t\u00edk, <\/li>\n\n\n\n<li>Kry\u0161tof Hol\u010d\u00e1k<\/li>\n<\/ol>\n\n\n\n<ul class=\"wp-block-list\">\n<li>deleg\u00e1ta na \u00dazemn\u00ed konferenci:<\/li>\n<\/ul>\n\n\n\n<ul class=\"wp-block-list\">\n<li>p. Bronislava Figalu<\/li>\n\n\n\n<li>jako n\u00e1hradn\u00edka p. Tom\u00e1\u0161e Dorot\u00edka<\/li>\n<\/ul>\n\n\n\n<p><strong>\u010clensk\u00e1 sch\u016fze ukl\u00e1d\u00e1 v\u00fdboru MO<\/strong><\/p>\n\n\n\n<ul class=\"wp-block-list\">\n<li>pokra\u010dovat v prac\u00edch na odkalovac\u00ed n\u00e1dr\u017ei Ju\u0159inka pro n\u00e1sledn\u00e9 vyu\u017eit\u00ed jako vodn\u00ed plochu<\/li>\n\n\n\n<li>zajistit uspo\u0159\u00e1d\u00e1n\u00ed ryb\u00e1\u0159sk\u00fdch z\u00e1vod\u016f denn\u00edch v \u010dervnu 2026 a no\u010dn\u00edch v srpnu 2026<\/li>\n\n\n\n<li>dle mo\u017enosti zajistit uspo\u0159\u00e1d\u00e1n\u00ed krajsk\u00e9ho kola \u201eZlat\u00e9 udice\u201c<\/li>\n<\/ul>\n\n\n\n<p>za spr\u00e1vnost n\u00e1vrhov\u00e1 komise: <\/p>\n\n\n\n<ul class=\"wp-block-list\">\n<li>ing. Pavel Poruba<\/li>\n\n\n\n<li>Zden\u011bk Blinka<\/li>\n\n\n\n<li>ing. Kristina Ad\u00e1mkov\u00e1<\/li>\n<\/ul>\n\n\n\n<p><\/p>\n","protected":false},"excerpt":{"rendered":"<p>Usnesen\u00ed z \u010dlensk\u00e9 sch\u016fze MO \u010cRS Vala\u0161sk\u00e9 Mezi\u0159\u00ed\u010d\u00ed konan\u00e9 05.03.2026<\/p>\n","protected":false},"author":1,"featured_media":0,"parent":85,"menu_order":0,"comment_status":"closed","ping_status":"closed","template":"","meta":{"footnotes":""},"class_list":["post-265","page","type-page","status-publish","hentry"],"_links":{"self":[{"href":"https:\/\/www.rybsvaz-valmez.cz\/index.php?rest_route=\/wp\/v2\/pages\/265","targetHints":{"allow":["GET"]}}],"collection":[{"href":"https:\/\/www.rybsvaz-valmez.cz\/index.php?rest_route=\/wp\/v2\/pages"}],"about":[{"href":"https:\/\/www.rybsvaz-valmez.cz\/index.php?rest_route=\/wp\/v2\/types\/page"}],"author":[{"embeddable":true,"href":"https:\/\/www.rybsvaz-valmez.cz\/index.php?rest_route=\/wp\/v2\/users\/1"}],"replies":[{"embeddable":true,"href":"https:\/\/www.rybsvaz-valmez.cz\/index.php?rest_route=%2Fwp%2Fv2%2Fcomments&post=265"}],"version-history":[{"count":7,"href":"https:\/\/www.rybsvaz-valmez.cz\/index.php?rest_route=\/wp\/v2\/pages\/265\/revisions"}],"predecessor-version":[{"id":592,"href":"https:\/\/www.rybsvaz-valmez.cz\/index.php?rest_route=\/wp\/v2\/pages\/265\/revisions\/592"}],"up":[{"embeddable":true,"href":"https:\/\/www.rybsvaz-valmez.cz\/index.php?rest_route=\/wp\/v2\/pages\/85"}],"wp:attachment":[{"href":"https:\/\/www.rybsvaz-valmez.cz\/index.php?rest_route=%2Fwp%2Fv2%2Fmedia&parent=265"}],"curies":[{"name":"wp","href":"https:\/\/api.w.org\/{rel}","templated":true}]}}