{"id":140,"date":"2023-06-19T18:33:53","date_gmt":"2023-06-19T18:33:53","guid":{"rendered":"https:\/\/www.rybsvaz-valmez.cz\/?page_id=140"},"modified":"2023-06-19T18:33:54","modified_gmt":"2023-06-19T18:33:54","slug":"becva-vsetinska-1","status":"publish","type":"page","link":"https:\/\/www.rybsvaz-valmez.cz\/?page_id=140","title":{"rendered":"Be\u010dva Vset\u00ednsk\u00e1 1"},"content":{"rendered":"\n<p>\u010c\u00edslo rev\u00edru <strong>473\u00a0003<\/strong><\/p>\n\n\n\n<p>GPS<\/p>\n\n\n\n<figure class=\"wp-block-table is-style-stripes\"><table><tbody><tr><td>Za\u010d\u00e1tek<\/td><td>49\u00b028\u201812.2\u201cN, 17\u00b057\u201816.0\u201cE<\/td><\/tr><tr><td>Konec<\/td><td>49\u00b025\u20189.252\u201cN, 17\u00b057\u201835.725\u201cE<\/td><\/tr><\/tbody><\/table><\/figure>\n\n\n\n<p>P\u0159\u00edtok Be\u010dvy, Moravy. Od soutoku s&nbsp;Be\u010dvou Ro\u017enovskou ve Vala\u0161sk\u00e9m Mezi\u0159\u00ed\u010d\u00ed po silni\u010dn\u00ed most Na Nov\u00e9 u&nbsp;n\u00e1dra\u017e\u00ed v&nbsp;Byst\u0159i\u010dce v\u010detn\u011b v\u0161ech p\u0159\u00edtok\u016f mimo Byst\u0159ici Vala\u0161skou, kter\u00e1 je samostatn\u00fdm rev\u00edrem.<\/p>\n\n\n\n<p class=\"has-vivid-red-color has-text-color\"><strong>P\u0159\u00edtoky Br\u0148ovsk\u00fd, K\u0159ivsk\u00fd, \u0160karedka, V\u00e1penn\u00fd a Kotlinsk\u00fd potok jsou CHRO\u00a0\u2013 lov ryb zak\u00e1z\u00e1n.<\/strong><\/p>\n\n\n\n<p><strong>Nejmen\u0161\u00ed lovn\u00e1 m\u00edra pstruha obecn\u00e9ho zv\u00fd\u0161ena na 30&nbsp;cm.<\/strong><\/p>\n","protected":false},"excerpt":{"rendered":"<p>\u010c\u00edslo rev\u00edru 473\u00a0003 GPS Za\u010d\u00e1tek 49\u00b028\u201812.2\u201cN, 17\u00b057\u201816.0\u201cE Konec 49\u00b025\u20189.252\u201cN, 17\u00b057\u201835.725\u201cE<\/p>\n","protected":false},"author":1,"featured_media":0,"parent":118,"menu_order":2,"comment_status":"closed","ping_status":"closed","template":"","meta":{"footnotes":""},"class_list":["post-140","page","type-page","status-publish","hentry"],"_links":{"self":[{"href":"https:\/\/www.rybsvaz-valmez.cz\/index.php?rest_route=\/wp\/v2\/pages\/140","targetHints":{"allow":["GET"]}}],"collection":[{"href":"https:\/\/www.rybsvaz-valmez.cz\/index.php?rest_route=\/wp\/v2\/pages"}],"about":[{"href":"https:\/\/www.rybsvaz-valmez.cz\/index.php?rest_route=\/wp\/v2\/types\/page"}],"author":[{"embeddable":true,"href":"https:\/\/www.rybsvaz-valmez.cz\/index.php?rest_route=\/wp\/v2\/users\/1"}],"replies":[{"embeddable":true,"href":"https:\/\/www.rybsvaz-valmez.cz\/index.php?rest_route=%2Fwp%2Fv2%2Fcomments&post=140"}],"version-history":[{"count":1,"href":"https:\/\/www.rybsvaz-valmez.cz\/index.php?rest_route=\/wp\/v2\/pages\/140\/revisions"}],"predecessor-version":[{"id":141,"href":"https:\/\/www.rybsvaz-valmez.cz\/index.php?rest_route=\/wp\/v2\/pages\/140\/revisions\/141"}],"up":[{"embeddable":true,"href":"https:\/\/www.rybsvaz-valmez.cz\/index.php?rest_route=\/wp\/v2\/pages\/118"}],"wp:attachment":[{"href":"https:\/\/www.rybsvaz-valmez.cz\/index.php?rest_route=%2Fwp%2Fv2%2Fmedia&parent=140"}],"curies":[{"name":"wp","href":"https:\/\/api.w.org\/{rel}","templated":true}]}}